1*x - 6. Let w(t) = 5*t**2 - t. Let n be w(1). Suppose n*k = 53 - 21. What is the remainder when l(-4) is divided by k?
6
Suppose -2*g + 3620 = 25*d, -4*g + 4*d = -0*d - 7132. Calculate the remainder when 1795 is divided by g.
10
Suppose -15*x = -25*x - 3*t + 8772, 2*t = x - 868. What is the remainder when x is divided by 67?
5
Let z(t) = -t**2 - 35*t - 25. Let m be z(-31). Let q = m + -92. What is the remainder when 16 is divided by q?
2
Let m be (0 + 1)*1 - 42/14. Let p be (m + 8)*(-3)/(-6)*17. Let a = p - 43. Calculate the remainder when 101 is divided by a.
5
Let c be 61/7 + -1 + 36/28. Let b = 29 - c. Calculate the remainder when b is divided by 2.
0
Let o(t) = -6*t**3 + 14*t**2 - 8*t + 9. Let x(j) = -j**3 + j**2 + 1. Let b(n) = -o(n) + 4*x(n). Calculate the remainder when b(5) is divided by 6.
5
Let n be (-52)/(-10) - ((-136)/20 + 7). Suppose 2*i - 3*o - 15 = -0*o, -4*i = n*o + 25. What is the remainder when (-36)/18 + 90 + (i - 0) is divided by 18?
16
Let y be (-1)/(-2) + 9/2. Suppose 4*l - 1427 = 5*c, -25*l + y*c = -23*l - 711. Calculate the remainder when l is divided by 20.
18
Suppose -5*a - 37*l + 42*l = -525, 427 = 4*a + 3*l. Calculate the remainder when 726 is divided by a.
90
Suppose -219*c - 2448 = -253*c. Calculate the remainder when 867 is divided by c.
3
Suppose -5*t = 5*u - 3260, t = -3*u + 170 + 486. Calculate the remainder when t is divided by 128.
10
Suppose 220*m = 221*m - 358. What is the remainder when m is divided by 30?
28
Suppose 0 = 28*s - 1321 + 201. Calculate the remainder when 168 is divided by s.
8
Let g = 86 - 95. Let l = 54 + g. Calculate the remainder when l is divided by 326/14 + (-4)/14.
22
Let b = -27 + 24. Let v(m) = -2*m**3 - 5*m**2 + 2*m + 13. Let l be v(b). What is the remainder when 55 is divided by 1*l - (5 - (1 + 2))?
13
Let m(p) = -3*p + 216. Suppose 0 = -15*b - 118*b + 931. Calculate the remainder when m(0) is divided by b.
6
Suppose 0 = -6*j - 5*j + 11. Let v(r) = -r**3 + 9*r**2 - 7*r - 7. Let p be v(8). Suppose -2 = -3*o + p. What is the remainder when j is divided by o?
0
What is the remainder when -5 + 321*(-6)/(-18) + -7 is divided by 14?
11
Suppose 5*r + 2*i = -44, 5*i + 49 - 7 = -4*r. Let n(q) = q**2 + 3*q - 1. What is the remainder when n(r) is divided by 7?
4
Suppose 0 = -28*x - 49 - 119. Calculate the remainder when 23/((-92)/(-792))*x/(-4) is divided by 50.
47
Let i = -99 + -146. Let s = i - -407. What is the remainder when s is divided by 43?
33
Let h = 3463 - 2812. Calculate the remainder when h is divided by 215.
6
Let x(t) = -3*t**2 + 3*t + 4. Let w be x(0). Suppose 0 = 5*i - g - 943, -5*i + 388 = -3*i - w*g. Calculate the remainder when i is divided by 16.
12
Let n = -19 - -23. Suppose -206 = -n*w - 3*y + y, 0 = w - y - 47. Suppose 0 = 3*m + 3*h - 15, 3*m - w = 5*h + 5. What is the remainder when 24 is divided by m?
4
Suppose 52*w + c - 18 = 51*w, w + 3*c - 20 = 0. What is the remainder when 4062 is divided by w?
16
Let h(r) = -3*r - 86. Let s be h(-25). What is the remainder when 59 is divided by (-1 - 2) + (s - -46)?
27
Let b = -9167 - -9241. Calculate the remainder when 200 is divided by b.
52
Suppose 41*a + 1382 = 3500 + 4360. Calculate the remainder when 946 is divided by a.
156
Suppose -2*t = 4*b - 7122, 4*t + 0*b = 3*b + 14277. Calculate the remainder when t is divided by 1186.
9
Suppose -23*l = 8*l + 21*l - 13000. Calculate the remainder when 345 is divided by l.
95
Suppose -15945 - 48465 = -127*c + 19283. Let b = -86 - -152. What is the remainder when c is divided by b?
65
Suppose 32*r - 28 = 28*r. Calculate the remainder when 190 is divided by 5100/105 + 3/r.
43
Suppose -3*g = g - 8, 2*s = 3*g + 260. Suppose 5*q = -3*r + 137, -q - 2*r = 4*q - s. Calculate the remainder when 197 is divided by q.
22
Suppose -3*k = -j - 3677, -41*k = -36*k - 5*j - 6135. Calculate the remainder when k is divided by 328.
241
Let v(m) = 4429*m - 381. What is the remainder when v(1) is divided by 27?
25
Suppose 0 = -9*m + 13*m - 52. Let c(s) = -23*s + 5*s + 2*s**2 - 3*s**2 - 3*s + 69. Calculate the remainder when c(-23) is divided by m.
10
Suppose 5*d = 5*h - 30, 4*d + 5*h + 5 + 28 = 0. Let v be 44/(-8) - -4 - 470/(-188). What is the remainder when (-868)/d + -1*v is divided by 21?
18
Suppose i + g = -3*g + 31, g = -5*i + 174. Calculate the remainder when (-43 - -52 - 109/(-1)) + 14 is divided by i.
27
Let s(b) = b**2 - 35*b + 99. Let x be s(32). Let f(d) = 2*d**3 + d**2 + 3*d - 8. Let t = -11 + 28. Calculate the remainder when f(x) is divided by t.
13
Let m(j) = -991*j - 71*j**2 - 1 + 991*j. Let r be m(-1). What is the remainder when 3/(-6)*2 - r is divided by 15?
11
Let p = 452 - 256. Suppose -6*v + p = -3*v - 2*u, -139 = -2*v + 3*u. What is the remainder when (-26)/52 + v/4 is divided by 5?
0
Suppose 5*s = 249*s - 15084 - 14440. Calculate the remainder when 260 is divided by s.
18
Let a = -112 - -126. Suppose 2*g - 4*w = 10, 3*g + g - 5*w = 20. Calculate the remainder when a is divided by g.
4
Let h(s) = -s**2 + 197*s + 6568. What is the remainder when 1034 is divided by h(-29)?
12
Suppose -2*s + 6*s - 60 = 0. Let h be (-2)/(-1) + 26 + 8/4. Let o = 53 - h. What is the remainder when o is divided by s?
8
Let k(p) = -p**3 + 33*p**2 - 193*p - 28. Let i be k(25). Suppose i*j - 72 = 129*j. What is the remainder when 4/(-18) + 227/9 is divided by j?
1
Suppose 5*a - 146 = 6*x - 3*x, 4*a = -3*x + 106. Let u = 27 - 7. What is the remainder when a is divided by u?
8
Suppose -518 = -3*s - 4*i - 35, 2*s + 2*i - 322 = 0. What is the remainder when s is divided by 23?
0
Suppose -40*y + 2424 + 1216 = 0. Calculate the remainder when y is divided by 48.
43
Suppose 0 = -2*d + 2*m + 478, 6*d - d = -5*m + 1185. What is the remainder when d is divided by 5?
3
Suppose -2622*f - 480 = -2654*f. Suppose -3*i + 5*v = i - 231, -i = -2*v - 57. What is the remainder when i is divided by f?
14
Let o be ((-7)/7)/((-1)/19). Let k = o - -11. Suppose 0 = 27*g - 645 + 213. Calculate the remainder when k is divided by g.
14
Suppose 0 = 6*l - 3*l - 246. Let j(k) = -70*k - 1933. Calculate the remainder when l is divided by j(-28).
1
Suppose z = 4*a + 129, z - 196 = 3*a - 72. Calculate the remainder when 655 is divided by z.
1
Let y(g) = 2*g**3 - 108*g**2 + 29*g - 94. What is the remainder when y(54) is divided by 12?
8
Let j = -3708 + 3752. What is the remainder when 439 is divided by j?
43
Let i(s) = s**3 - s**2 - 2*s + 1. Suppose -22606 = -81*u - 97*u. What is the remainder when u is divided by i(3)?
10
Suppose 5*r - 5902 = -4*w, -5908 = -5*r - 60*w + 59*w. Calculate the remainder when r is divided by 16.
14
Let j be ((-36)/(-42))/(1/(-189)). Let u = j - -340. What is the remainder when u is divided by 45?
43
Suppose 0 = 7*r - 1015 + 112. Let s = r - 123. Let a = 26 - 9. What is the remainder when a is divided by s?
5
Calculate the remainder when 1813 is divided by 15 - 1 - (-4 - 585).
4
Let d = 50 + -31. Let v = -677 - -689. Calculate the remainder when d is divided by v.
7
Suppose 1506*c + 528 = 1552*c - 2048. Suppose 7*l - 312 = 4*l. Calculate the remainder when l is divided by c.
48
Let m = -57 - -98. Suppose -q - 54*k + 50*k = -22, 4*q - 12 = 3*k. What is the remainder when m is divided by q?
5
Let z = 5988 - 5961. What is the remainder when 1700 is divided by z?
26
Let i(x) = x**2 + 11*x - 22. What is the remainder when i(11) is divided by (15/(75/(-26)))/(4/(-10))?
12
Let j(o) = -o**3 + 13*o**2 + 20*o - 4. Let b be j(14). What is the remainder when ((-96)/(-60))/(1/b) is divided by ((-51)/(-9) + 1)/(95/(-15) - -7)?
8
Let o be (-8253)/(-12) + 4 - 2/(-8). Suppose -352 = 9*n + o. Let z = -62 - n. What is the remainder when z is divided by 14?
12
Suppose -2*x + 5*i + 3721 = 0, 0 = 4*x + 69*i - 70*i - 7415. What is the remainder when x is divided by 230?
13
Let r = -11652 - -11999. What is the remainder when r is divided by 27?
23
Suppose 0 = 5*u - v - 1065, -4*v = 2*u + v - 399. Suppose t - 16 = 4*a + 2*t, -4*t - 16 = 0. Calculate the remainder when u is divided by 43/a*24/(-8).
40
Suppose -22*u + 1598 = -53*u + 32*u. Calculate the remainder when u is divided by 16.
14
Suppose -5*m = -i + 24, -4*i - m = 3*m - 120. Suppose -48*x - 60 = -5*r - 53*x, -4*r + 4*x = -88. What is the remainder when i is divided by r?
12
Let f